 units digit of f?
7
Let t be ((-12)/9)/(4/(-90)). Let k = t + 18. What is the tens digit of k?
4
Let k = -198 - -322. What is the units digit of k?
4
Let f(x) = -x**3 - 3*x**2 + 3*x + 3. Let n be f(-4). Suppose n = 2*w - 1, 2*m - 2*w = -2. What is the units digit of m?
3
Suppose -2*j = -j + 5, -17 = q + 4*j. Suppose 0 = -a - 1 + q. Let n(b) = 3*b**2 - 2*b. What is the units digit of n(a)?
8
Suppose -3*d + 12 = -5*x + 30, 4*x - 40 = -4*d. What is the units digit of ((-4)/x)/((-2)/15)?
5
Suppose 0 = -5*h - z + 22, 4*z + 1 = -4*h + 9. Let q = h + 4. What is the units digit of q?
9
Let q be 0 - (-37 + 3/1). Suppose -4*s + i = -85, 2*s + 72 = 5*s + 2*i. Let v = q - s. What is the units digit of v?
2
Let b(l) = l**3 + 4*l**2 - 6*l + 7. Let x be b(-5). Suppose 3*r - 9 = 3*g, 0 = 6*r - 2*r - x. Suppose 0*d + d - 3 = g. What is the units digit of d?
3
Let x(y) = 22*y**2 + 3*y - 3. What is the tens digit of x(-3)?
8
Suppose -23*y + 853 + 44 = 0. What is the tens digit of y?
3
What is the tens digit of -1 + (97 - (-2 - 0/4))?
9
What is the tens digit of (44/6)/((-3)/(-9))?
2
Let j(y) = 2*y**2 + 5*y - 7. Let f be j(-5). What is the units digit of 6*(-3)/(f/(-3))?
3
Let m(s) be the third derivative of 3*s**2 - 1/10*s**5 + 1/4*s**4 + 0*s + 0 + s**3 - 1/120*s**6. What is the tens digit of m(-7)?
1
Let p = 366 - 104. What is the hundreds digit of p?
2
Let n = -16 - -5. Let d = n - -20. What is the units digit of d?
9
Suppose -w - 6 = -4*w. Suppose 2*t + w*t - 4*c - 24 = 0, 0 = 3*t + c - 2. What is the units digit of t?
2
Suppose -5*c = -2*c - i + 3, 9 = 4*c + 3*i. Suppose c = -3*f, -q + 1 - 11 = -4*f. What is the units digit of (-22 + -3)*4/q?
0
Suppose -3*v - 6*v + 1692 = 0. What is the units digit of v?
8
Let n(d) = 2*d - 3. Let p be n(2). Let y be 2*p/((-1)/(-2)). Suppose y*t - 90 = -t. What is the tens digit of t?
1
Let z = 7 + -4. Let b = 3 - 2. Let n = b + z. What is the units digit of n?
4
Let d(y) = -y**2 + 6*y - 4. Suppose 0 = -t + 3*t - 10. What is the units digit of d(t)?
1
Suppose 0*c + 2*w = c, -4*c + 3*w = 0. What is the tens digit of (1 - c - -5)*5?
3
Let r be -1 + 0 + 3*2. Suppose 0*t - r*t = -180. What is the units digit of t?
6
Let b(s) = -s**2 + 9*s. Suppose 0 = 5*z - 4*z - 7. What is the tens digit of b(z)?
1
Let o = -61 - -73. What is the units digit of o?
2
Suppose -15 = 5*p, 5*n + 4*p = 2*p - 11. Let f = 8 + n. What is the units digit of f?
7
Let c(i) = -4*i + 6. Let z be c(-5). Suppose -3*b - w - 5 = 0, -b + 5*w = b + z. Let h = 10 + b. What is the units digit of h?
7
Suppose -355 + 105 = -5*x. What is the tens digit of x?
5
Let b(c) = -c**2 + 12*c - 8. Let w = -5 + 14. What is the units digit of b(w)?
9
Suppose -s + 324 = 2*s + 4*q, -2*q = -4*s + 410. Suppose 2*h + 2*h = s. What is the units digit of h?
6
Let y(k) = -2*k. Let u be y(2). Let c = u + 7. What is the units digit of c?
3
Suppose 3*y - 2*j = 2*y + 6, 14 = 4*y + 2*j. Suppose 17 = y*t + i, 5*i + 0 = 5. What is the units digit of t?
4
Let o = 2 + -7. Let d = 1 - o. Suppose p - d = -2*p. What is the units digit of p?
2
Let z(l) = -l**3 + 16*l**2 + 12*l + 9. What is the tens digit of z(16)?
0
Let i(x) = 4*x - 12. Let v(h) = -2*h. Let d be v(-4). Let r be i(d). What is the units digit of 35/r - 2/(-8)?
2
Let q = 15 + -8. Let a(o) = 2*o - 3. What is the units digit of a(q)?
1
Let x be ((-100)/16)/(1/(-8)). Let n = x + -36. What is the units digit of n?
4
Let g(r) = -r + 5. Let v be g(8). Let o = v + 11. What is the units digit of o?
8
Suppose -3*n = -8*n + 55. Let b = -6 + n. Suppose -y + 3*o = 7*o + 16, -b*o = 25. What is the units digit of y?
4
Let j be 1 + 2 - (0 + 1). Let t(y) = -6*y**j - 8*y - 2*y - y**3 - 6 + 3*y. What is the units digit of t(-5)?
4
Suppose -2*w + 483 = p + 3, 238 = w + p. What is the units digit of w?
2
What is the units digit of (-20 + 1)*(6 + (-24)/2)?
4
Let n be 4 - 6 - -5*1. Suppose 0*g + n*g - 21 = 0. Suppose g = 2*m + 5*p, -3*m = -6*m + 2*p + 1. What is the units digit of m?
1
Let l(n) = 0 + 1 - 4*n**2 + 15*n**2 - n. What is the tens digit of l(1)?
1
Suppose 0*g = g - 15. Suppose -g + 0 = -5*b. What is the units digit of b?
3
Suppose 0 = 8*c - 9*c - 2*b + 150, 0 = -2*c + 3*b + 328. What is the units digit of c?
8
Suppose 3*s = 5*y - 17 + 4, 3*y = 3*s + 3. Suppose 3*t - 14 + 4 = -s*m, -4*t + 8 = 0. What is the units digit of m?
1
Let b = 9 - 3. Suppose -3*z + b = -3. What is the tens digit of (1/(-2))/(z/(-90))?
1
Let a = 9 + -3. Suppose j - 9 = -4*d, a*d - 2*d = -4*j. Suppose d*o + 5 = 32. What is the units digit of o?
9
Let c(d) = -d - 4. What is the units digit of c(-9)?
5
Let x(j) = -j + 6. Let b be x(4). Suppose -5*y = r - 24, 0 = 7*y - b*y + 3*r - 22. Suppose -2*w + 4*h = -2, 2*w = -w + 5*h + y. What is the units digit of w?
5
Let l(r) = 4*r - 11. What is the units digit of l(7)?
7
Let i be (-1)/2 - (-54)/4. Suppose 5*v - 38 = -i, 3*v - 19 = -c. Suppose 5*d = 59 - c. What is the tens digit of d?
1
Suppose -5*z = -2*z - 18. Suppose -z*v + 132 = -3*v. Suppose 5*y - 35 = 2*u - 4*u, 3*u = y + v. What is the tens digit of u?
1
Suppose -2*j = -4*h + 30, 0 = -2*h - 0*h - 4*j. What is the units digit of h?
6
Let r be 2/3 + 13/3. Let c be 2/5 + (-32)/r. Let j = 11 + c. What is the units digit of j?
5
Suppose -2*t - 148 = -6*t. What is the tens digit of t?
3
Let c be 1/(1 - -2)*21. Suppose -3*t = -c - 5. What is the units digit of t?
4
Let k(j) = -j - 5. Let i be k(-7). Suppose 4*f - 6 = i. What is the units digit of 0/4 - f/(-2)?
1
Let v = 2 + 28. What is the units digit of v?
0
Suppose -432 = -6*r + 30. What is the tens digit of r?
7
Let v = 11 - 6. Suppose v*l + 0*l - 3*w = 31, 0 = -l - 4*w - 3. What is the units digit of l?
5
Let y(o) = o**3 + 6*o**2 + 3*o - 2. What is the units digit of y(-4)?
8
What is the units digit of ((5874/(-24))/11)/((-1)/4)?
9
What is the units digit of -3*(14/6 + -4)?
5
Suppose -4*b - 2*s = -74, 0 = b - 3*s - 4 - 25. Let r = b - 4. What is the units digit of r?
6
Suppose -76 + 23 = -m. What is the tens digit of m?
5
Let l(v) = v**2 + 3*v - 2. Let h be l(-5). Let o = -3 + h. What is the units digit of o?
5
Suppose 2*h - 462 = -0*h - g, -4*g - 8 = 0. What is the hundreds digit of h?
2
Let v(i) = -2*i - 25. What is the units digit of v(-15)?
5
Let t(f) = f**2 - f + 1. Let o(c) = 2*c**2 + 2. Let q(z) = -2*o(z) + 6*t(z). What is the tens digit of q(5)?
2
Suppose -2*x = -x - 2*z - 192, 4*x = 3*z + 748. What is the units digit of x?
4
Suppose 0 = -2*c - 5*w + 10, -c - 6 = -2*w - w. Suppose 0 = -s - c*s + 7. What is the units digit of s?
7
Let s(y) = y**3 - 9*y**2 + 8*y + 8. Let h(k) be the second derivative of -k**4/12 + 3*k**3/2 - 2*k. Let r be h(8). What is the units digit of s(r)?
8
Suppose 3*i = -15, 27 = u + u - i. What is the tens digit of u?
1
What is the units digit of (-177)/(-7) + 6/(-21)?
5
Let h = -24 + 16. What is the units digit of (-29)/(-4) + 2/h?
7
Let u = -45 + 132. What is the tens digit of u?
8
Let b(x) = x**2 - 3*x - 10. What is the tens digit of b(7)?
1
Let s(y) = y**2 - 26. What is the tens digit of s(-18)?
9
Suppose -2*o = 6, -2*g - o - 1 = 4. Let u = g + 5. Suppose -y = -u*y + 15. What is the units digit of y?
5
Suppose -b + 9 = 2*b. Suppose -81 = b*a - 0*a. Let d = a - -40. What is the tens digit of d?
1
Suppose -2*u + 4*g + 46 = 0, u + 9 = g + 30. Suppose 0 = 5*s - 16 - u. What is the units digit of s?
7
Let f = -12 + 17. Let j = f - 3. Let t = 5 - j. What is the units digit of t?
3
What is the units digit of (-3 + 5 + -4)*(-291)/6?
7
Let b(x) = -x**2. Let g(c) = -3*c**2 + 2*c + 4. Let l(p) = -b(p) + g(p). Let t be l(3). Let v = 12 + t. What is the units digit of v?
4
What is the units digit of 26/(-65) + (-127)/(-5)?
5
Let x be 56/6 + 2/3. Suppose x + 2 = q. What is the tens digit of q?
1
Let y be -2 + 3 + -1*6. What is the units digit of ((-1)/2)/(y/30)?
3
Let t(p) = 11*p + 4. Suppose q = -0*q + 4. Let w be t(q). Suppose 9*v = 6*v + w. What is the tens digit of v?
1
Let z(t) = -t**3 - t**2 + 37. Let f(c) = c**2 + 10*c + 9. Let n be f(-9). What is the units digit of z(n)?
7
What is the units digit of (-8)/(-6) - 119/(-3)?
1
Suppose 0 = -17*r + 20*r - 108. What is the tens digit of r?
3
Let m(w) = w**2 - 3*w + 2. Let l be m(4). Suppose 0 = c - 5*i - 6, c + i - 6 - l = 0. Let r = -3 + c. What is the u